0*f = -248273, p = 4*f + 49663. What is the tens digit of p?
5
Let i(k) be the third derivative of k**5/60 - k**4/8 + 25*k**3/2 + 4*k**2 + 18*k. What is the tens digit of i(27)?
2
Let p be (57/76)/(-2 - 21/(-12)). Let h(t) = -13*t**3 - t**2 + 2*t. What is the hundreds digit of h(p)?
3
Let j = -14520 + 25161. What is the tens digit of j?
4
Let a be 2*(1/7)/(2/21). Suppose 95 = -c - a*m + 1618, -3*m + 6137 = 4*c. What is the units digit of c?
8
Suppose -351032 = 633*m - 655*m. What is the hundreds digit of m?
9
Suppose 160*l - 183154 - 518401 = 462445. What is the hundreds digit of l?
2
Let n(x) = -2*x**2 - 8*x - 6. Let g be n(-3). Let l be (g/10)/((-1)/(0 - 1)). Suppose -9*i - 13 + 76 = l. What is the units digit of i?
7
Suppose -2*g = -3*t - 60, g = -g + t + 68. Let j = g + -42. Let u(i) = i**3 + 9*i**2 + 7*i + 8. What is the tens digit of u(j)?
7
Suppose -q + 29 = 5*v - 3, -2*q - v = -46. What is the tens digit of (-40)/220 + 24556/q?
1
Suppose 5*y = 6*i - 4*i - 54, 4*i - 60 = -2*y. Suppose i*g = 20*g + r - 3305, -r = -3*g + 3295. What is the units digit of g?
0
Let w(q) = -1386*q + 1026. What is the thousands digit of w(-5)?
7
Let a = 5 - 0. Let k = -300 - -354. Suppose a*w - 686 = k. What is the units digit of w?
8
What is the hundreds digit of (7380/(-35))/((-64)/672)?
2
Suppose 0 = 21*j - 474 - 93. Let d = j + 167. What is the units digit of d?
4
Let y(i) = -i**3 + 15*i**2 + 2*i + 21. Let x be y(15). Let a = 53 + -99. Let m = x + a. What is the units digit of m?
5
Let l be 1 + (0/4)/((-4)/(-2)). What is the units digit of (-10 - -17) + 1757*l?
4
Let z be (1*2 + 7536/(-32))*-2. Suppose -2*h - 107 = -z. What is the tens digit of h?
8
Let s = -372 + 437. Suppose 10 = -5*q, -53*n + 52*n + s = 5*q. What is the tens digit of n?
7
Suppose x = v + 90104, -8*x + 12*v - 17*v = -720806. What is the tens digit of x?
0
Let g(p) = -16*p**2 - 9*p - 14. Let t be g(-4). What is the tens digit of (t/(-15) - 0)*(-15)/(-6)?
3
Suppose 50670 + 441954 = 37*f - 4*f. What is the thousands digit of f?
4
Let t = -81 + 63. What is the tens digit of (-12)/(-54) + (-4766)/t?
6
Let v(l) = -32 + 6*l + 19 - 9. What is the units digit of v(20)?
8
Let q = 19738 + -15903. What is the thousands digit of q?
3
Suppose -23*n = -118*n + 475589 + 266646. What is the tens digit of n?
1
Suppose -a = 3*f - 37219, -108*a - 148848 = -112*a - 5*f. What is the ten thousands digit of a?
3
Let w be (-1)/(1/(-1612)*2). Suppose 5*l + w = -44. What is the units digit of (l/25)/(2/(-10))?
4
Suppose -3*h - 1 = y + 11, -20 = 5*h + 4*y. What is the thousands digit of (1105 - h) + (-6 + 2 - -9)?
1
What is the units digit of 70924/26 + ((-1071)/(-117) - 9)?
8
Suppose 0 = -4*j + d - 50, 5*j - 2*d + 64 = -0*j. What is the units digit of 191*5 - (j + -6)/6?
8
Suppose 3 = 3*y, -8*y = 2*u - 6*y - 156. Suppose 10 = -l + u. What is the tens digit of l?
6
What is the units digit of (4 + 0 + 4)*(1975 + -5)?
0
Let c(m) = 106*m**2 + 23*m + 252. What is the hundreds digit of c(-7)?
2
Let p(c) = -c**3 + 5*c**2 - 10. Let b be p(3). Suppose w + 13 = 4*j, 5*j + 3 = -w + 17. What is the units digit of w - -3 - (b + -12)?
6
Let y(o) = 8*o + 16*o - 90 + 11*o - 52*o. What is the units digit of y(-7)?
9
Let x = -884 - -6271. What is the thousands digit of x?
5
Let f(g) = -2*g**3 + 165*g**2 - 41*g - 356. What is the tens digit of f(82)?
0
Let f(v) = v**2 + 2*v + 1. Let o be f(0). Let l be ((-10)/25)/(o/40). What is the units digit of (1 + -8)*(l - -15)?
7
Let c(l) = -10799*l**2 - l + 10865*l**2 - 17*l + 70. What is the thousands digit of c(5)?
1
Suppose -35*s - 99783 = -38*s + 2*l, -5*l + 33227 = s. What is the hundreds digit of s?
2
Suppose -176*u = -182*u + 2616. Suppose -v = -y + v + u, 0 = -y - v + 451. What is the hundreds digit of y?
4
Suppose -2*v + 0*v = 0. Suppose v*g + d = 3*g - 16, -g = -4*d - 20. Suppose -5*q + g*b = -0*q - 294, -5*b = -5*q + 295. What is the tens digit of q?
5
Let u = -182 - -7322. What is the hundreds digit of u?
1
Suppose 0 = -4*v, -4*v = u - 6*v. Suppose u = -5*w + 15, 2*t + 2*w = 5*t. Suppose -1199 = -t*r - 9*r. What is the units digit of r?
9
Let y(s) = 12*s**3 - 3*s**2 - 13*s - 12. Let v be y(7). Suppose -6007 - v = -9*r. What is the tens digit of r?
9
Suppose -5*x + 13 = 5*h - 4*x, -2*h = -2*x - 10. Suppose 5*t - q = 298 + 1074, -h*t + 816 = -3*q. What is the units digit of t?
5
Suppose 38556 = 4*x + g + 8628, 3*g - 12 = 0. What is the tens digit of x?
8
Suppose 3*f - 3*k = 282, f + 2*k + 278 = 4*f. Let b = f + -200. Let y = -82 - b. What is the units digit of y?
8
Suppose 1823 = -15*s - 607. Let p = s + 265. What is the tens digit of p?
0
Suppose i = 3*z + 6160, i + 45*z = 50*z + 6170. What is the units digit of i?
5
Suppose -13*z = -9*z - 3864. Suppose 1442 = 14*m - z. What is the hundreds digit of m?
1
Let w be ((-11)/(-2))/(1/(-40)*4). Let l = -54 - w. What is the units digit of -1*((-46)/l + -4)?
0
Suppose 4*z + 4*r = 43100, 5*z - 33394 = -2*r + 20478. What is the thousands digit of z?
0
Let o(v) = v**3 + 17*v**2 + 25*v - 10. Let i be o(-12). Suppose 9*r - i - 1030 = 0. What is the tens digit of r?
6
Let a(v) be the third derivative of -v**5/60 + 5*v**4/12 - 3*v**3/2 - v**2. Suppose -4*m - 4*g = -36, -21 = -m - 4*m + g. What is the units digit of a(m)?
6
Let i be (5*1 - 8/(-8)) + -3. Suppose -170 = -i*g - 5*j + 155, -5*g = 3*j - 547. Suppose 0 = 2*m + 4*w - g, -2*m = -w - 39 - 71. What is the units digit of m?
5
What is the ten thousands digit of (-225)/(-150) + (0 - 130746/(-4))?
3
Suppose 37*i + 38*i - 459225 = 0. What is the hundreds digit of i?
1
Let m(u) = 5*u**3 - 6*u**2 + 5*u - 2. Let p be (-30)/4*(-20)/30. What is the tens digit of m(p)?
9
Let s(c) = -c**3 - 10*c**2 - 9*c + 15. Let q be s(-8). Let m = q - -39. What is the tens digit of 60 - (-3)/(-1 - m)?
6
Let f(w) = -w**2 - w + 2. Let q be f(0). Suppose 15 = -3*s - 3*n, -4*s + 2*n - 7*n = 17. What is the tens digit of (q - (-1 - s)) + 161?
5
Let d(k) be the first derivative of 33*k**2 - 98*k - 105. What is the hundreds digit of d(4)?
1
Let g be (-1)/(-2) + (-15)/10 - -3. Suppose -2*v + 20 = g*v. Suppose 4*q + 431 = v*r - 810, 4*r = q + 995. What is the tens digit of r?
4
Let o = 29 - 19. Suppose -o - 1 = 11*g. Let d(b) = -115*b**3 - b. What is the units digit of d(g)?
6
Let m = 29 - 11. What is the units digit of (-4)/m - 6920/(-36)?
2
Let h(c) = -24*c - 2. Let t(i) = -2*i**2 - 6*i. Let o be t(4). Let g be 3/(-2)*o/(-21). What is the tens digit of h(g)?
9
Let x = 365 - 360. Let p(g) = g**3 + 5*g**2 - 13*g + 50. What is the tens digit of p(x)?
3
Let h(a) = 39*a**2 - 30*a + 56. What is the units digit of h(5)?
1
Let d be (-54)/189 - (-455466)/14 - -3. Suppose -t = 27*t - d. What is the thousands digit of t?
1
Suppose -19 = 4*s + 17. Let r be 332/36 + 2/s. What is the units digit of (-249)/(-2)*6/r?
3
Let r be -3 - -7 - (-60)/(-12). What is the hundreds digit of -21 - -22 - (r - 263)?
2
Suppose -5*g + 2*g = -9. Let o(k) = k**3 + 1 + 5 - 118*k + 115*k. What is the tens digit of o(g)?
2
Let l = -198 + 198. Suppose -6*c + 1056 + 1470 = l. What is the hundreds digit of c?
4
Let p = -793 + 885. Suppose -p*v + 49*v = -70563. What is the tens digit of v?
4
Let h = -104 - -108. Suppose 5*g - 225 = 185. Suppose -g = -h*f + 274. What is the tens digit of f?
8
Let h(p) = 36*p**2 + 32*p + 18. Let z be h(8). Suppose -7*t + z = -2140. What is the units digit of t?
4
Suppose 105*c = 330*c - 472050. What is the hundreds digit of c?
0
Suppose 20*l - 19404 = -8*l. Suppose -m + 4*d + l = 0, -790 = -m - 4*d - 113. What is the tens digit of m?
8
Let d be (6/(-3) - (-1 - 2)) + 1. Suppose d*m + 4*l = 258, -4*l + 7*l = 2*m - 230. Let c = m + -76. What is the tens digit of c?
4
Let o(w) = -w**3 - 4*w**2 - 2*w - 2. Let p be o(-2). Let f(v) = -v**3 + 6*v**2 + 5*v + 8. Let y be f(p). Suppose -12*h = -17*h + y. What is the tens digit of h?
8
Suppose 0 = -2*z - g, 0 = -z - 4*g - 5 - 2. What is the hundreds digit of 25*z*((-84)/(-20) - 0)?
1
Let y(h) = -h**2 - 18*h + 2. Let d be y(-18). Suppose 10*a = d*a + 2960. What is the hundreds digit of a?
3
Suppose 6*o = 20*o - 44044. What is the units digit of o?
6
Suppose -123079 = -3*w + 5*v + 4655, -w + 42550 = 3*v. What is the tens digit of w?
6
Let p be 1478/7 - 39/273. Suppose -2*s - 27 + p = 0. Wha